{"id":41,"date":"2024-01-12T09:28:43","date_gmt":"2024-01-12T09:28:43","guid":{"rendered":"https:\/\/ehausner.hak-digital.at\/?page_id=41"},"modified":"2024-03-02T00:59:46","modified_gmt":"2024-03-02T00:59:46","slug":"willkommen","status":"publish","type":"page","link":"https:\/\/ehausner.hak-digital.at\/","title":{"rendered":"Willkommen!"},"content":{"rendered":"\n<p>Ich freue mich, dass du mich kennenlernen willst!<\/p>\n\n\n\n<p>In den n\u00e4chsten Beitr\u00e4gen kannst du all meine Interessen, meine Vergangenheit, meine Tr\u00e4ume und vieles mehr erfahren. Falls du Fragen an mich hast, dann z\u00f6gere nicht mir zu schreiben!  <\/p>\n\n\n\n<p>Deine Elena \ud83d\ude42<\/p>\n\n\n\n\t<div class='ngg-imagebrowser default-view'\n\t\tid='ngg-imagebrowser-7f67bf90533db8839a3034bf753478ae-41'\n\t\tdata-nextgen-gallery-id=\"7f67bf90533db8839a3034bf753478ae\">\n\n\t\t<h3>Selbstportrait<\/h3>\n\n\t\t<div id=\"ngg-image-0\" class=\"pic\" \n\t\t\t\t\t>\n\t\t<a href='https:\/\/ehausner.hak-digital.at\/wp-content\/gallery\/das-bin-ich\/Selbstportrait.jpg'\n\t\t\ttitle=' '\n\t\t\tdata-src=\"https:\/\/ehausner.hak-digital.at\/wp-content\/gallery\/das-bin-ich\/Selbstportrait.jpg\"\n\t\t\tdata-thumbnail=\"https:\/\/ehausner.hak-digital.at\/wp-content\/gallery\/das-bin-ich\/thumbs\/thumbs-Selbstportrait.jpg\"\n\t\t\tdata-image-id=\"23\"\n\t\t\tdata-title=\"Selbstportrait\"\n\t\t\tdata-description=\" \"\n\t\t\tclass=\"ngg-simplelightbox\" rel=\"7f67bf90533db8839a3034bf753478ae\">\n\t\t\t<img title='Selbstportrait'\n\t\t\t\talt='Selbstportrait'\n\t\t\t\tsrc='https:\/\/ehausner.hak-digital.at\/wp-content\/gallery\/das-bin-ich\/Selbstportrait.jpg'\/>\n\t\t<\/a>\n\t\t\n\t\t<\/div>\n\t\t<div class='ngg-imagebrowser-nav'>\n\n\t\t\t<div class='back'>\n\t\t\t\t<a class='ngg-browser-prev'\n\t\t\t\t\tid='ngg-prev-23'\n\t\t\t\t\thref='https:\/\/ehausner.hak-digital.at\/index.php\/nggallery\/image\/selbstportrait?rest_route=%2Fwp%2Fv2%2Fpages%2F41\/'>\n\t\t\t\t\t<i class=\"fa fa-chevron-left\" aria-hidden=\"true\"><\/i>\n\t\t\t\t<\/a>\n\t\t\t<\/div>\n\n\t\t\t<div class='next'>\n\t\t\t\t<a class='ngg-browser-next'\n\t\t\t\t\tid='ngg-next-23'\n\t\t\t\t\thref='https:\/\/ehausner.hak-digital.at\/index.php\/nggallery\/image\/selbstportrait?rest_route=%2Fwp%2Fv2%2Fpages%2F41\/'>\n\t\t\t\t\t<i class=\"fa fa-chevron-right\" aria-hidden=\"true\"><\/i>\n\t\t\t\t<\/a>\n\t\t\t<\/div>\n\n\t\t\t<div class='counter'>\n\t\t\t\tBild\t\t\t\t1\t\t\t\tvon\t\t\t\t1\t\t\t<\/div>\n\n\t\t\t<div class='ngg-imagebrowser-desc'>\n\t\t\t\t<p> <\/p>\n\t\t\t<\/div>\n\n\t\t<\/div>\n\t<\/div>\n\n\n\n\n<p><em>Diese Seite dient \u00dcbungszwecken im Rahmen des Unterrichts. F\u00fcr die Richtigkeit der Inhalte keine Gew\u00e4hr.<\/em><\/p>\n","protected":false},"excerpt":{"rendered":"<p>Ich freue mich, dass du mich kennenlernen willst! In den n\u00e4chsten Beitr\u00e4gen kannst du all meine Interessen, meine Vergangenheit, meine Tr\u00e4ume und vieles mehr erfahren. Falls du Fragen an mich hast, dann z\u00f6gere nicht mir zu schreiben! Deine Elena \ud83d\ude42 Diese Seite dient \u00dcbungszwecken im Rahmen des Unterrichts. F\u00fcr die Richtigkeit der Inhalte keine Gew\u00e4hr.<\/p>\n","protected":false},"author":1,"featured_media":0,"parent":0,"menu_order":1,"comment_status":"closed","ping_status":"closed","template":"","meta":{"ngg_post_thumbnail":0,"_kad_post_transparent":"","_kad_post_title":"","_kad_post_layout":"","_kad_post_sidebar_id":"","_kad_post_content_style":"","_kad_post_vertical_padding":"","_kad_post_feature":"","_kad_post_feature_position":"","_kad_post_header":false,"_kad_post_footer":false,"footnotes":""},"class_list":["post-41","page","type-page","status-publish","hentry"],"_links":{"self":[{"href":"https:\/\/ehausner.hak-digital.at\/index.php?rest_route=\/wp\/v2\/pages\/41","targetHints":{"allow":["GET"]}}],"collection":[{"href":"https:\/\/ehausner.hak-digital.at\/index.php?rest_route=\/wp\/v2\/pages"}],"about":[{"href":"https:\/\/ehausner.hak-digital.at\/index.php?rest_route=\/wp\/v2\/types\/page"}],"author":[{"embeddable":true,"href":"https:\/\/ehausner.hak-digital.at\/index.php?rest_route=\/wp\/v2\/users\/1"}],"replies":[{"embeddable":true,"href":"https:\/\/ehausner.hak-digital.at\/index.php?rest_route=%2Fwp%2Fv2%2Fcomments&post=41"}],"version-history":[{"count":8,"href":"https:\/\/ehausner.hak-digital.at\/index.php?rest_route=\/wp\/v2\/pages\/41\/revisions"}],"predecessor-version":[{"id":222,"href":"https:\/\/ehausner.hak-digital.at\/index.php?rest_route=\/wp\/v2\/pages\/41\/revisions\/222"}],"wp:attachment":[{"href":"https:\/\/ehausner.hak-digital.at\/index.php?rest_route=%2Fwp%2Fv2%2Fmedia&parent=41"}],"curies":[{"name":"wp","href":"https:\/\/api.w.org\/{rel}","templated":true}]}}